{"id":12,"date":"2024-06-06T16:23:24","date_gmt":"2024-06-06T16:23:24","guid":{"rendered":"https:\/\/transportesurdangarin.rkinformatika.online\/?page_id=12"},"modified":"2024-06-07T09:54:53","modified_gmt":"2024-06-07T09:54:53","slug":"servicios","status":"publish","type":"page","link":"https:\/\/transportesurdangarin.com\/eus\/servicios\/","title":{"rendered":"Zerbitzuak"},"content":{"rendered":"<div data-elementor-type=\"wp-page\" data-elementor-id=\"12\" class=\"elementor elementor-12\" data-elementor-post-type=\"page\">\n\t\t\t\t\t\t<section class=\"elementor-section elementor-top-section elementor-element elementor-element-6145a36 elementor-section-full_width elementor-section-height-min-height elementor-section-height-default elementor-section-items-middle\" data-id=\"6145a36\" data-element_type=\"section\" data-e-type=\"section\" data-settings=\"{&quot;background_background&quot;:&quot;classic&quot;}\">\n\t\t\t\t\t\t\t<div class=\"elementor-background-overlay\"><\/div>\n\t\t\t\t\t\t\t<div class=\"elementor-container elementor-column-gap-default\">\n\t\t\t\t\t<div class=\"elementor-column elementor-col-100 elementor-top-column elementor-element elementor-element-ea6be68\" data-id=\"ea6be68\" data-element_type=\"column\" data-e-type=\"column\">\n\t\t\t<div class=\"elementor-widget-wrap\">\n\t\t\t\t\t\t\t<\/div>\n\t\t<\/div>\n\t\t\t\t\t<\/div>\n\t\t<\/section>\n\t\t<div class=\"elementor-element elementor-element-47bcce1 e-flex e-con-boxed e-con e-parent\" data-id=\"47bcce1\" data-element_type=\"container\" data-e-type=\"container\">\n\t\t\t\t\t<div class=\"e-con-inner\">\n\t\t\t\t<div class=\"elementor-element elementor-element-f5e18da elementor-widget elementor-widget-heading\" data-id=\"f5e18da\" data-element_type=\"widget\" data-e-type=\"widget\" data-widget_type=\"heading.default\">\n\t\t\t\t<div class=\"elementor-widget-container\">\n\t\t\t\t\t<h2 class=\"elementor-heading-title elementor-size-default\">Conoce Nuestros Servicios<\/h2>\t\t\t\t<\/div>\n\t\t\t\t<\/div>\n\t\t\t\t\t<\/div>\n\t\t\t\t<\/div>\n\t\t\t\t<section class=\"elementor-section elementor-top-section elementor-element elementor-element-7665823a elementor-section-boxed elementor-section-height-default elementor-section-height-default\" data-id=\"7665823a\" data-element_type=\"section\" data-e-type=\"section\">\n\t\t\t\t\t\t<div class=\"elementor-container elementor-column-gap-default\">\n\t\t\t\t\t<div class=\"elementor-column elementor-col-33 elementor-top-column elementor-element elementor-element-74aee9b0 elementor-invisible\" data-id=\"74aee9b0\" data-element_type=\"column\" data-e-type=\"column\" data-settings=\"{&quot;background_background&quot;:&quot;classic&quot;,&quot;animation&quot;:&quot;zoomIn&quot;}\">\n\t\t\t<div class=\"elementor-widget-wrap elementor-element-populated\">\n\t\t\t\t\t\t<div class=\"elementor-element elementor-element-64c77ed5 elementor-widget elementor-widget-heading\" data-id=\"64c77ed5\" data-element_type=\"widget\" data-e-type=\"widget\" data-widget_type=\"heading.default\">\n\t\t\t\t<div class=\"elementor-widget-container\">\n\t\t\t\t\t<div class=\"elementor-heading-title elementor-size-default\">Transporte de<\/div>\t\t\t\t<\/div>\n\t\t\t\t<\/div>\n\t\t\t\t<div class=\"elementor-element elementor-element-3d611394 elementor-widget elementor-widget-heading\" data-id=\"3d611394\" data-element_type=\"widget\" data-e-type=\"widget\" data-widget_type=\"heading.default\">\n\t\t\t\t<div class=\"elementor-widget-container\">\n\t\t\t\t\t<div class=\"elementor-heading-title elementor-size-default\">PAPELER\u00cdA<\/div>\t\t\t\t<\/div>\n\t\t\t\t<\/div>\n\t\t\t\t\t<\/div>\n\t\t<\/div>\n\t\t\t\t<div class=\"elementor-column elementor-col-33 elementor-top-column elementor-element elementor-element-7550473 elementor-invisible\" data-id=\"7550473\" data-element_type=\"column\" data-e-type=\"column\" data-settings=\"{&quot;background_background&quot;:&quot;classic&quot;,&quot;animation&quot;:&quot;zoomIn&quot;,&quot;animation_delay&quot;:500}\">\n\t\t\t<div class=\"elementor-widget-wrap elementor-element-populated\">\n\t\t\t\t\t\t<div class=\"elementor-element elementor-element-3377e747 elementor-widget elementor-widget-heading\" data-id=\"3377e747\" data-element_type=\"widget\" data-e-type=\"widget\" data-widget_type=\"heading.default\">\n\t\t\t\t<div class=\"elementor-widget-container\">\n\t\t\t\t\t<div class=\"elementor-heading-title elementor-size-default\">Transporte de<\/div>\t\t\t\t<\/div>\n\t\t\t\t<\/div>\n\t\t\t\t<div class=\"elementor-element elementor-element-30108aab elementor-widget elementor-widget-heading\" data-id=\"30108aab\" data-element_type=\"widget\" data-e-type=\"widget\" data-widget_type=\"heading.default\">\n\t\t\t\t<div class=\"elementor-widget-container\">\n\t\t\t\t\t<div class=\"elementor-heading-title elementor-size-default\">MERCANC\u00cdA EN GENERAL<\/div>\t\t\t\t<\/div>\n\t\t\t\t<\/div>\n\t\t\t\t\t<\/div>\n\t\t<\/div>\n\t\t\t\t<div class=\"elementor-column elementor-col-33 elementor-top-column elementor-element elementor-element-1e11a365 elementor-invisible\" data-id=\"1e11a365\" data-element_type=\"column\" data-e-type=\"column\" data-settings=\"{&quot;background_background&quot;:&quot;classic&quot;,&quot;animation&quot;:&quot;zoomIn&quot;,&quot;animation_delay&quot;:1000}\">\n\t\t\t<div class=\"elementor-widget-wrap elementor-element-populated\">\n\t\t\t\t\t\t<div class=\"elementor-element elementor-element-4de188c3 elementor-widget elementor-widget-heading\" data-id=\"4de188c3\" data-element_type=\"widget\" data-e-type=\"widget\" data-widget_type=\"heading.default\">\n\t\t\t\t<div class=\"elementor-widget-container\">\n\t\t\t\t\t<div class=\"elementor-heading-title elementor-size-default\">Transporte de<\/div>\t\t\t\t<\/div>\n\t\t\t\t<\/div>\n\t\t\t\t<div class=\"elementor-element elementor-element-6677c15d elementor-widget elementor-widget-heading\" data-id=\"6677c15d\" data-element_type=\"widget\" data-e-type=\"widget\" data-widget_type=\"heading.default\">\n\t\t\t\t<div class=\"elementor-widget-container\">\n\t\t\t\t\t<div class=\"elementor-heading-title elementor-size-default\">RESIDUOS NO PELIGROSOS<\/div>\t\t\t\t<\/div>\n\t\t\t\t<\/div>\n\t\t\t\t\t<\/div>\n\t\t<\/div>\n\t\t\t\t\t<\/div>\n\t\t<\/section>\n\t\t<div class=\"elementor-element elementor-element-0b425ec e-con-full e-flex e-con e-parent\" data-id=\"0b425ec\" data-element_type=\"container\" data-e-type=\"container\" data-settings=\"{&quot;background_background&quot;:&quot;classic&quot;}\">\n\t\t\t\t<div class=\"elementor-element elementor-element-e120060 elementor-widget elementor-widget-heading\" data-id=\"e120060\" data-element_type=\"widget\" data-e-type=\"widget\" data-widget_type=\"heading.default\">\n\t\t\t\t<div class=\"elementor-widget-container\">\n\t\t\t\t\t<h2 class=\"elementor-heading-title elementor-size-default\">\u00a1Ponte en contacto con nosotros, estaremos encantados de ayudarte!<\/h2>\t\t\t\t<\/div>\n\t\t\t\t<\/div>\n\t\t\t\t<div class=\"elementor-element elementor-element-cc1ea64 elementor-align-center elementor-widget elementor-widget-button\" data-id=\"cc1ea64\" data-element_type=\"widget\" data-e-type=\"widget\" data-widget_type=\"button.default\">\n\t\t\t\t<div class=\"elementor-widget-container\">\n\t\t\t\t\t\t\t\t\t<div class=\"elementor-button-wrapper\">\n\t\t\t\t\t<a class=\"elementor-button elementor-button-link elementor-size-sm\" href=\"https:\/\/transportesurdangarin.com\/eus\/contacto\/\">\n\t\t\t\t\t\t<span class=\"elementor-button-content-wrapper\">\n\t\t\t\t\t\t\t\t\t<span class=\"elementor-button-text\">Contactar<\/span>\n\t\t\t\t\t<\/span>\n\t\t\t\t\t<\/a>\n\t\t\t\t<\/div>\n\t\t\t\t\t\t\t\t<\/div>\n\t\t\t\t<\/div>\n\t\t\t\t<\/div>\n\t\t\t\t<\/div>","protected":false},"excerpt":{"rendered":"<p>Conoce Nuestros Servicios Transporte de PAPELER\u00cdA Transporte de MERCANC\u00cdA EN GENERAL Transporte de RESIDUOS NO PELIGROSOS \u00a1Ponte en contacto con nosotros, estaremos encantados de ayudarte! Contactar<\/p>","protected":false},"author":1,"featured_media":0,"parent":0,"menu_order":0,"comment_status":"closed","ping_status":"closed","template":"elementor_canvas","meta":{"footnotes":""},"class_list":["post-12","page","type-page","status-publish","hentry"],"yoast_head":"<!-- This site is optimized with the Yoast SEO plugin v27.4 - https:\/\/yoast.com\/product\/yoast-seo-wordpress\/ -->\n<title>Servicios - Trans R.Urdangarin<\/title>\n<meta name=\"robots\" content=\"index, follow, max-snippet:-1, max-image-preview:large, max-video-preview:-1\" \/>\n<link rel=\"canonical\" href=\"https:\/\/transportesurdangarin.com\/eus\/servicios\/\" \/>\n<meta property=\"og:locale\" content=\"en_US\" \/>\n<meta property=\"og:type\" content=\"article\" \/>\n<meta property=\"og:title\" content=\"Servicios - Trans R.Urdangarin\" \/>\n<meta property=\"og:description\" content=\"Conoce Nuestros Servicios Transporte de PAPELER\u00cdA Transporte de MERCANC\u00cdA EN GENERAL Transporte de RESIDUOS NO PELIGROSOS \u00a1Ponte en contacto con nosotros, estaremos encantados de ayudarte! Contactar\" \/>\n<meta property=\"og:url\" content=\"https:\/\/transportesurdangarin.com\/eus\/servicios\/\" \/>\n<meta property=\"og:site_name\" content=\"Trans R.Urdangarin\" \/>\n<meta property=\"article:modified_time\" content=\"2024-06-07T09:54:53+00:00\" \/>\n<meta name=\"twitter:card\" content=\"summary_large_image\" \/>\n<meta name=\"twitter:label1\" content=\"Est. reading time\" \/>\n\t<meta name=\"twitter:data1\" content=\"1 minutua\" \/>\n<script type=\"application\/ld+json\" class=\"yoast-schema-graph\">{\"@context\":\"https:\\\/\\\/schema.org\",\"@graph\":[{\"@type\":\"WebPage\",\"@id\":\"https:\\\/\\\/transportesurdangarin.com\\\/servicios\\\/\",\"url\":\"https:\\\/\\\/transportesurdangarin.com\\\/servicios\\\/\",\"name\":\"Servicios - Trans R.Urdangarin\",\"isPartOf\":{\"@id\":\"https:\\\/\\\/transportesurdangarin.com\\\/#website\"},\"datePublished\":\"2024-06-06T16:23:24+00:00\",\"dateModified\":\"2024-06-07T09:54:53+00:00\",\"breadcrumb\":{\"@id\":\"https:\\\/\\\/transportesurdangarin.com\\\/servicios\\\/#breadcrumb\"},\"inLanguage\":\"eu\",\"potentialAction\":[{\"@type\":\"ReadAction\",\"target\":[\"https:\\\/\\\/transportesurdangarin.com\\\/servicios\\\/\"]}]},{\"@type\":\"BreadcrumbList\",\"@id\":\"https:\\\/\\\/transportesurdangarin.com\\\/servicios\\\/#breadcrumb\",\"itemListElement\":[{\"@type\":\"ListItem\",\"position\":1,\"name\":\"Portada\",\"item\":\"https:\\\/\\\/transportesurdangarin.com\\\/\"},{\"@type\":\"ListItem\",\"position\":2,\"name\":\"Servicios\"}]},{\"@type\":\"WebSite\",\"@id\":\"https:\\\/\\\/transportesurdangarin.com\\\/#website\",\"url\":\"https:\\\/\\\/transportesurdangarin.com\\\/\",\"name\":\"Trans R.Urdangarin\",\"description\":\"Profesional del transporte comarcal en Euskadi con m\u00e1s de 30 a\u00f1os de experiencia como aut\u00f3nomo, dedicado a brindar un servicio de calidad y eficiente a nuestros clientes en la regi\u00f3n.\",\"publisher\":{\"@id\":\"https:\\\/\\\/transportesurdangarin.com\\\/#organization\"},\"potentialAction\":[{\"@type\":\"SearchAction\",\"target\":{\"@type\":\"EntryPoint\",\"urlTemplate\":\"https:\\\/\\\/transportesurdangarin.com\\\/?s={search_term_string}\"},\"query-input\":{\"@type\":\"PropertyValueSpecification\",\"valueRequired\":true,\"valueName\":\"search_term_string\"}}],\"inLanguage\":\"eu\"},{\"@type\":\"Organization\",\"@id\":\"https:\\\/\\\/transportesurdangarin.com\\\/#organization\",\"name\":\"Trans R.Urdangarin\",\"url\":\"https:\\\/\\\/transportesurdangarin.com\\\/\",\"logo\":{\"@type\":\"ImageObject\",\"inLanguage\":\"eu\",\"@id\":\"https:\\\/\\\/transportesurdangarin.com\\\/#\\\/schema\\\/logo\\\/image\\\/\",\"url\":\"https:\\\/\\\/transportesurdangarin.com\\\/wp-content\\\/uploads\\\/2024\\\/06\\\/cropped-Trans-R.urdangarin-e1717753611219.png\",\"contentUrl\":\"https:\\\/\\\/transportesurdangarin.com\\\/wp-content\\\/uploads\\\/2024\\\/06\\\/cropped-Trans-R.urdangarin-e1717753611219.png\",\"width\":312,\"height\":145,\"caption\":\"Trans R.Urdangarin\"},\"image\":{\"@id\":\"https:\\\/\\\/transportesurdangarin.com\\\/#\\\/schema\\\/logo\\\/image\\\/\"}}]}<\/script>\n<!-- \/ Yoast SEO plugin. -->","yoast_head_json":{"title":"Servicios - Trans R.Urdangarin","robots":{"index":"index","follow":"follow","max-snippet":"max-snippet:-1","max-image-preview":"max-image-preview:large","max-video-preview":"max-video-preview:-1"},"canonical":"https:\/\/transportesurdangarin.com\/eus\/servicios\/","og_locale":"en_US","og_type":"article","og_title":"Servicios - Trans R.Urdangarin","og_description":"Conoce Nuestros Servicios Transporte de PAPELER\u00cdA Transporte de MERCANC\u00cdA EN GENERAL Transporte de RESIDUOS NO PELIGROSOS \u00a1Ponte en contacto con nosotros, estaremos encantados de ayudarte! Contactar","og_url":"https:\/\/transportesurdangarin.com\/eus\/servicios\/","og_site_name":"Trans R.Urdangarin","article_modified_time":"2024-06-07T09:54:53+00:00","twitter_card":"summary_large_image","twitter_misc":{"Est. reading time":"1 minutua"},"schema":{"@context":"https:\/\/schema.org","@graph":[{"@type":"WebPage","@id":"https:\/\/transportesurdangarin.com\/servicios\/","url":"https:\/\/transportesurdangarin.com\/servicios\/","name":"Servicios - Trans R.Urdangarin","isPartOf":{"@id":"https:\/\/transportesurdangarin.com\/#website"},"datePublished":"2024-06-06T16:23:24+00:00","dateModified":"2024-06-07T09:54:53+00:00","breadcrumb":{"@id":"https:\/\/transportesurdangarin.com\/servicios\/#breadcrumb"},"inLanguage":"eu","potentialAction":[{"@type":"ReadAction","target":["https:\/\/transportesurdangarin.com\/servicios\/"]}]},{"@type":"BreadcrumbList","@id":"https:\/\/transportesurdangarin.com\/servicios\/#breadcrumb","itemListElement":[{"@type":"ListItem","position":1,"name":"Portada","item":"https:\/\/transportesurdangarin.com\/"},{"@type":"ListItem","position":2,"name":"Servicios"}]},{"@type":"WebSite","@id":"https:\/\/transportesurdangarin.com\/#website","url":"https:\/\/transportesurdangarin.com\/","name":"Trans R.Urdangarin","description":"Euskadiko eskualdeko garraioko profesional honek 30 urte baino gehiagoko esperientzia du autonomo gisa, eta kalitatezko zerbitzu eraginkorra eskaintzen die eskualdean ditugun bezeroei.","publisher":{"@id":"https:\/\/transportesurdangarin.com\/#organization"},"potentialAction":[{"@type":"SearchAction","target":{"@type":"EntryPoint","urlTemplate":"https:\/\/transportesurdangarin.com\/?s={search_term_string}"},"query-input":{"@type":"PropertyValueSpecification","valueRequired":true,"valueName":"search_term_string"}}],"inLanguage":"eu"},{"@type":"Organization","@id":"https:\/\/transportesurdangarin.com\/#organization","name":"Trans R.Urdangarin","url":"https:\/\/transportesurdangarin.com\/","logo":{"@type":"ImageObject","inLanguage":"eu","@id":"https:\/\/transportesurdangarin.com\/#\/schema\/logo\/image\/","url":"https:\/\/transportesurdangarin.com\/wp-content\/uploads\/2024\/06\/cropped-Trans-R.urdangarin-e1717753611219.png","contentUrl":"https:\/\/transportesurdangarin.com\/wp-content\/uploads\/2024\/06\/cropped-Trans-R.urdangarin-e1717753611219.png","width":312,"height":145,"caption":"Trans R.Urdangarin"},"image":{"@id":"https:\/\/transportesurdangarin.com\/#\/schema\/logo\/image\/"}}]}},"_links":{"self":[{"href":"https:\/\/transportesurdangarin.com\/eus\/wp-json\/wp\/v2\/pages\/12","targetHints":{"allow":["GET"]}}],"collection":[{"href":"https:\/\/transportesurdangarin.com\/eus\/wp-json\/wp\/v2\/pages"}],"about":[{"href":"https:\/\/transportesurdangarin.com\/eus\/wp-json\/wp\/v2\/types\/page"}],"author":[{"embeddable":true,"href":"https:\/\/transportesurdangarin.com\/eus\/wp-json\/wp\/v2\/users\/1"}],"replies":[{"embeddable":true,"href":"https:\/\/transportesurdangarin.com\/eus\/wp-json\/wp\/v2\/comments?post=12"}],"version-history":[{"count":97,"href":"https:\/\/transportesurdangarin.com\/eus\/wp-json\/wp\/v2\/pages\/12\/revisions"}],"predecessor-version":[{"id":374,"href":"https:\/\/transportesurdangarin.com\/eus\/wp-json\/wp\/v2\/pages\/12\/revisions\/374"}],"wp:attachment":[{"href":"https:\/\/transportesurdangarin.com\/eus\/wp-json\/wp\/v2\/media?parent=12"}],"curies":[{"name":"wp","href":"https:\/\/api.w.org\/{rel}","templated":true}]}}